Let w be -22*1*(-8 - (-11)/22). What is the highest common factor of 15 and w?
15
Suppose -8563 + 139 = -9*m. What is the greatest common factor of m and 156?
156
Suppose 4*h = 4*m + 2*h - 20, 4*h + 19 = 5*m. Suppose 16*y - 63 = m*y. Calculate the highest common divisor of y and 14.
7
Let g = 76 + -69. Let a be (-1 + 63)*((-119)/(-2))/g. Suppose -a = -5*o + 133. Calculate the greatest common factor of 12 and o.
12
Let m be (-33 + 16 - -16)/(((-9)/(-291))/(-3)). Calculate the highest common factor of m and 56939.
97
Suppose 0 = -54*k - 82*k + 1045296. Calculate the greatest common divisor of k and 126.
126
Let v be (-4)/5 - (-460160)/200. Calculate the highest common factor of v and 150.
50
Let u(i) = -128*i - 4. Let k be u(-3). Let w(p) = 3*p + 76. Let a be w(0). Calculate the greatest common divisor of k and a.
76
Suppose -1 = -2*f + 3. Let d be (-2)/1 + 306/f. Suppose -5*g - 11 = -d. Calculate the greatest common factor of g and 84.
28
Let l be (555/(-10))/(-1) + 4/48*-6. Calculate the highest common divisor of l and 1661.
11
Suppose 2*z = 5*z - 15. Suppose w + 332 = 6*w - 2*h, -z*w + h = -336. Suppose w = 2*c - 60. Calculate the greatest common factor of c and 160.
32
Let r = -177 + 65. Let d = r + 222. Calculate the highest common factor of d and 10.
10
Suppose 0 = -14*o + 8*o - 114. Let y = -3 - o. Let h = y + -8. What is the highest common factor of h and 1?
1
Let i be 5/20*10671 - (230/(-8))/23. Calculate the highest common divisor of i and 187.
17
Let r(l) = 9*l**3 - 18*l**2 + 79*l + 11. Let p be r(5). What is the highest common divisor of 1 and p?
1
Suppose 3*g = 3*k + 30, 205*k = 203*k - 6. Let p be (4/10)/(2/10). Calculate the greatest common factor of g and p.
1
Let g be 70/63 - (-2)/(-18). Let q = g + 14. Suppose 0*v + 602 = 5*v + t, -2*v = 5*t - 250. What is the highest common factor of q and v?
15
Let p = 12350 + -12324. Calculate the greatest common factor of 32 and p.
2
Suppose 21*r - 154 = 10*r. Let z be -21*15*r/(-147). Calculate the highest common divisor of 230 and z.
10
Suppose z + 5*c - 185 = -4*z, -91 = -3*z + c. Let v = z + 0. Suppose -t - 13 = -4*w + v, 2*t + 24 = 2*w. Calculate the highest common divisor of w and 22.
11
Suppose -2*o - 5*c + 25 = 0, -5*o + 2*o - 3*c = -51. Let d be 4808/o + 5 + 14/(-35). What is the highest common factor of 105 and d?
35
Let u = 622 + -617. Suppose -2*j + 142 = -4*h, -u*h = 2*j - 2*h - 107. What is the highest common factor of 122 and j?
61
Let s = 503 - 506. Let o be ((2 - -2) + -35)*s/3. What is the greatest common factor of 651 and o?
31
Suppose -2*v + 2*o = 5903 - 5953, -3*v + 85 = -5*o. Let w = 36 - 16. Calculate the greatest common divisor of v and w.
20
Suppose 16*c - 14*c - 4 = 0. Suppose c*u = 16*u - 1470. What is the greatest common divisor of u and 21?
21
Let b be ((-6)/5)/((-16)/80). Let x(v) = 13*v**2 - 4*v - 4. Let q be x(b). Let g = q - 99. What is the highest common divisor of g and 31?
31
Let m = 12 + -10. Suppose -5*k + n = -67, -37 = -m*k - k - n. Let u = 2 + k. What is the greatest common factor of u and 75?
15
Let f(k) = -2*k**2 + 92*k + 535. Let w be f(51). Calculate the greatest common factor of w and 5575.
25
Let r = -9876 - -9976. What is the highest common divisor of 8750 and r?
50
Let i = -3803 + 3875. What is the greatest common divisor of i and 16?
8
Let v be (2 + (-8)/(-3))/(148/3996). Suppose 15 = 2*y - 93. Calculate the highest common factor of v and y.
18
Let t be (-3)/(-5) - (15 + (-38772)/180). Calculate the highest common factor of t and 2747.
67
Suppose v + 5*h = -255, -2*v + 9*h - 4*h = 465. Let q = -210 - v. Calculate the greatest common factor of q and 80.
10
Let l = -595 + 880. Let k = 307 - l. Calculate the greatest common divisor of 88 and k.
22
Let t be ((-1 + 0)*5)/((-1)/1). Suppose 2*u + t = 145. What is the greatest common factor of u and 770?
70
Suppose 4*a - 920 + 12 = -2*p, p - 452 = -4*a. What is the highest common factor of p and 18?
6
Let k = -2748 + 3132. What is the highest common factor of 60 and k?
12
Let u = 4 + 21. Let z = u + -21. Suppose -488 + z = -2*h. What is the greatest common factor of 22 and h?
22
Let m(i) = i**3 - 11*i**2 + 11*i + 16. Let u be m(10). Suppose u*y = 31*y + 415. Let f = y - -89. Calculate the highest common divisor of f and 15.
3
Let l(d) = -d**2 - 35*d + 77. Let r be l(-16). Let n = 445 - r. Suppose -2*x + 5 + 11 = 0. What is the highest common divisor of n and x?
8
Let i be 0 - -3 - (6 - 117). Let v(f) = 5*f**2 - 6*f - 64. Let b be v(-6). Calculate the highest common factor of i and b.
38
Let l = -89 + 81. Let x be l + 77 + (3 - (3 - 3)). What is the highest common divisor of x and 32?
8
Suppose 25*h - 9*h = 0. Suppose h*d + 1134 = 54*d. Calculate the highest common divisor of 147 and d.
21
Suppose -8*a - x + 102 = -7*a, 9*a - 5*x - 876 = 0. Calculate the highest common divisor of 468 and a.
9
Let m be 18/(-81) + 1166/(-18). Let i = m + 59. Let t be i/1*-24*(-2)/(-9). What is the highest common factor of t and 8?
8
Let d be ((-3)/6 - 2)*(-22 + 16). Suppose 1188 = 20*h - d*h - 4*k, 3*k + 950 = 4*h. What is the greatest common factor of 4 and h?
4
Let j = -8 - -28. Let z be (-5 + j/5)*-41. Calculate the highest common factor of 41 and z.
41
Let v(c) be the second derivative of 16*c + 7/2*c**2 + 0 - 20/3*c**3 + 1/4*c**4. Let h be v(16). What is the greatest common divisor of 54 and h?
27
Let a = -11791 + 11801. Calculate the greatest common factor of a and 394.
2
Suppose -l - 3*l = a + 128, 0 = -4*a - 16. Let w be (l - 3)*14/(-4). Let c = 239 - w. Calculate the highest common factor of 15 and c.
15
Let h be (-17)/(-3) + (-1)/(-3). Let y be (-1 + 25)*-6*156/(-117). Suppose -188*b - 24 = -y*b. Calculate the greatest common factor of h and b.
6
Let t = 7303 - 7271. What is the highest common divisor of t and 9088?
32
Suppose 0 = -6*p + 484 - 2416. Let s = 342 + p. Calculate the greatest common divisor of s and 20.
20
Suppose 0 = 5*n - 4*r - 249 - 623, 2*n = -4*r + 332. Let c = -121 + n. What is the highest common factor of 102 and c?
51
Let r = -19393 - -19421. Calculate the greatest common divisor of r and 22932.
28
Let y = -414 + 245. Let l = y - -275. Suppose 3*x - l = 662. Calculate the highest common factor of 32 and x.
32
Let g = -8 + 17. Let w = -9 + 9. Suppose -2*v - 2*k + 46 = -w*k, -k = -3*v + 85. What is the highest common factor of v and g?
9
Let p be 4 + -1 - (-5)/5. Suppose 0 = 4*r - p - 16. Suppose 2*d + r*w = 745, -2*w = d + 2*w - 380. What is the greatest common divisor of d and 40?
40
Suppose -68 - 42 = -5*n. Suppose j - n = 5*g, -5*j + 2 = -4*g - 45. Let r be 1 + j + (-3)/(-1). Calculate the highest common factor of 77 and r.
11
Let c = 16 - 0. Suppose -3*l = 6, 0*s - 2*l = 4*s + c. Let o be 72/1*((-1)/4 - s). What is the greatest common factor of o and 22?
22
Let n(q) = -q**3 - 168*q**2 + 676*q - 2028. Let o be n(-172). Suppose -2*g = -3*g + 61. Let c = -34 + g. What is the highest common factor of o and c?
9
Let c(x) = x**3 - 33*x**2 + 11*x - 12. Let w be c(33). Let z be -15*(-90)/w - (-2)/13. Calculate the greatest common divisor of 1 and z.
1
Let q = 16152 - 16031. Calculate the highest common factor of q and 1133.
11
Let q be 3/((24/(-2689272))/((-3)/27)). Calculate the greatest common factor of q and 41.
41
Let f be (12*1/(-2))/(-4*(-18)/(-48)). Calculate the highest common factor of 25 and f.
1
Let l be (0 - (-3 - -24))*(96 - 97). What is the greatest common divisor of l and 6727?
7
Let j(u) = -114*u - 302. Let k be j(-4). What is the greatest common divisor of k and 242?
22
Suppose -i - 340 = -6*i. Let d = 64 - i. Let s be 558/8 + (-1)/d. What is the greatest common divisor of s and 10?
10
Let l(r) be the third derivative of -4*r**6/3 + r**5/30 + r**4/3 + 7*r**3/6 - 67*r**2. Let o be l(-1). Calculate the greatest common factor of 23 and o.
23
Suppose -2*h - 2*h - 258 = -2*q, -3*h - 384 = -3*q. Let v = 145 - q. Calculate the greatest common divisor of 48 and v.
6
Let l be ((2 + -4)*-4)/(1*-2). Let y be ((-5)/3)/(l*(-2)/(-24)). What is the greatest common factor of y and 45?
5
Let s be -1 + (-20)/(80/(-1604)). What is the highest common factor of s and 1825?
25
Suppose 5*l = -5*i + 600, -45 - 84 = -i - 4*l. Suppose 6*z = i + 3. Calculate the greatest common factor of z and 10.
